 base 11.
570481
What is -3225554 (base 6) in base 4?
-212322232
Convert 921249 (base 10) to base 2.
11100000111010100001
Convert 113201303233 (base 4) to base 8.
27416357
2121221221210 (base 3) to base 6
45534203
Convert -22021131 (base 4) to base 11.
-29257
What is -b0890a (base 13) in base 14?
-78b550
What is 21102001010201 (base 3) in base 7?
45316246
-1211201012002 (base 3) to base 14
-1b6819
What is 264561 (base 8) in base 3?
11200221000
-1301414 (base 5) to base 16
-6292
32907 (base 13) to base 4
112113111
e0c0f1 (base 16) to base 9
30640013
-6853221 (base 9) to base 3
-20221210020201
What is 2a245 (base 11) in base 4?
22132003
What is 116699 (base 11) in base 3?
100101002210
What is d9b2b (base 14) in base 13?
155727
What is -52010 (base 10) in base 3?
-2122100022
Convert 937102 (base 16) to base 2.
100100110111000100000010
Convert -369a392 (base 11) to base 14.
-bd4060
What is -29924 (base 10) in base 2?
-111010011100100
What is -133000330 (base 5) in base 16?
-a40dd
Convert -22325055 (base 6) to base 3.
-1021120002022
Convert 60402 (base 10) to base 16.
ebf2
142433434 (base 5) to base 8
2667274
Convert -a89319 (base 13) to base 12.
-13b07b4
What is 73237 (base 11) in base 15?
21977
Convert -862668 (base 11) to base 6.
-45323324
Convert 5235002 (base 6) to base 13.
8b6a3
-13044031 (base 6) to base 12
-186617
What is 101004466 (base 7) in base 4?
112130202202
Convert 574bc2 (base 14) to base 6.
143404102
What is 1113011310 (base 4) in base 13?
c64a4
What is 233200000 (base 4) in base 8?
574000
Convert 7324045 (base 9) to base 3.
21100211001112
What is 15818 (base 12) in base 10?
30548
What is 3523556 (base 7) in base 14?
b769d
Convert 1587468 (base 9) to base 5.
211302123
200100100022010 (base 3) to base 8
45142551
10010202314 (base 5) to base 16
964dde
What is -7a3498 (base 11) in base 16?
-13818f
What is 354aa (base 13) in base 14?
27752
-6817527 (base 9) to base 10
-3673132
2121212020101 (base 3) to base 14
28440d
Convert -1d931 (base 15) to base 9.
-156421
2204042 (base 6) to base 3
12120112222
-4836726 (base 10) to base 7
-56053146
-101042 (base 8) to base 7
-166061
Convert 211595 (base 10) to base 11.
134a7a
Convert -110110000001011110110 (base 2) to base 16.
-1b02f6
-303612 (base 7) to base 13
-1a730
What is -20210101111 (base 3) in base 15?
-2992a
321221222 (base 5) to base 6
44544353
What is 182c2 (base 14) in base 6?
1150030
-2047b (base 15) to base 4
-120331322
What is -7221481 (base 9) in base 5?
-1441234213
What is 252415 (base 6) in base 11?
15aa3
Convert -11904 (base 16) to base 14.
-1c308
What is 282870 (base 9) in base 11?
108880
Convert 45480 (base 16) to base 6.
10025440
Convert -1c43a (base 15) to base 11.
-631aa
Convert 110112220112011 (base 3) to base 7.
110462125
What is -806118 (base 9) in base 2?
-1110100011011000000
-312404343 (base 5) to base 6
-43424204
320222222 (base 4) to base 11
149426
77e04 (base 15) to base 5
44144104
What is 72528 (base 9) in base 15?
e27b
2641746 (base 11) to base 10
4570220
-12404243 (base 5) to base 8
-357120
Convert 427208 (base 10) to base 14.
b198c
Convert 786608 (base 11) to base 5.
310100310
What is 21b3 (base 14) in base 6?
43013
What is -10000001001000 (base 2) in base 6?
-102132
What is -998416 (base 12) in base 7?
-26513151
Convert 311323 (base 4) to base 13.
1756
Convert -c259a6 (base 15) to base 11.
-5236820
5aa62 (base 11) to base 13
30c64
Convert -3b0875 (base 15) to base 14.
-53bc06
-10000000010011000001010 (base 2) to base 15
-580997
Convert 6aab5c (base 14) to base 11.
2067412
What is -30bda (base 16) in base 9?
-333764
-11463 (base 13) to base 11
-21750
-11d37 (base 16) to base 11
-4a948
-100001010000100010 (base 2) to base 5
-13324401
-25531303 (base 6) to base 9
-1514103
What is -10011000100111100010111 (base 2) in base 9?
-10362047
Convert 10022201222210 (base 3) to base 2.
110101111001111011001
Convert -77cc6 (base 13) to base 16.
-35198
Convert 512561 (base 11) to base 9.
1484230
Convert 32101330 (base 4) to base 3.
2222020101
Convert 181912 (base 12) to base 8.
1457736
What is -1044150543 (base 6) in base 8?
-53366577
Convert 3428333 (base 9) to base 11.
1053818
Convert 451762 (base 8) to base 12.
74356
Convert 67025 (base 13) to base 3.
100111012122
-41314503 (base 8) to base 16
-859943
Convert -20321113323 (base 4) to base 6.
-121553003
-4cc0b (base 13) to base 12
-6a673
Convert 21202002010 (base 3) to base 6.
3133350
What is -14a232 (base 13) in base 14?
-d3138
What is 1774888 (base 12) in base 2?
10010100111101011101000
Convert 2eac9 (base 15) to base 14.
3d015
-130003322 (base 4) to base 16
-1c0fa
What is 1023301221 (base 6) in base 11?
6108091
What is 12443213 (base 5) in base 2?
11110011110001000
Convert -312655 (base 13) to base 6.
-40334234
Convert 6412603 (base 7) to base 6.
24350534
Convert 2026041 (base 7) to base 6.
5105123
647795 (base 13) to base 10
2358686
Convert 1113342131 (base 5) to base 9.
4601153
94802 (base 14) to base 8
1273622
What is -8271 (base 13) in base 4?
-10121112
Convert -201202212200 (base 3) to base 12.
-169290
What is 26b7a6 (base 14) in base 11?
834164
What is -4171724 (base 8) in base 14?
-20cc4c
What is -20466a (base 11) in base 2?
-1010000001000100100
What is -64346562 (base 7) in base 2?
-10100111000011110110010
What is -1302220302 (base 4) in base 7?
-3663651
What is -16b775b (base 12) in base 14?
-8ac2c7
Convert -2b150c (base 13) to base 9.
-1884707
-236041 (base 9) to base 8
-425560
What is 3a2131 (base 15) in base 11?
1637243
Convert -3d9832 (base 14) to base 2.
-1000001010010000110100
4784217 (base 9) to base 12
a51681
What is 1505527 (base 12) in base 6?
230511251
What is 1154412302 (base 6) in base 7?
221461466
Convert -21456272 (base 8) to base 9.
-8607410
Convert -13510250 (base 6) to base 2.
-1110000010110010110
What is 2220112221110 (base 3) in base 11?
966727
Convert -13260774 (base 8) to base 4.
-23112013330
What is -210112 (base 12) in base 7?
-4256555
What is 5c5d4 (base 16) in base 7?
3133662
Convert -34b57c (base 15) to base 12.
-a15900
Convert 110000010100100000 (base 2) to base 7.
1453012
-1886b (base 15) to base 3
-11001002102
Convert -102211100221 (base 3) to base 4.
-320311303
-557380 (base 13) to base 12
-8122a4
What is -15a268 (base 15) in base 9?
-1864838
Convert 3793a (base 12) to base 9.
124681
Convert -246325 (base 11) to base 14.
-a1aca
Convert -306001 (base 9) to base 2.
-101100010100010010
Convert 20021222020100 (base 3) to base 7.
40302540
-10230132301 (base 5) to base 16
-a49710
Convert -8bd1 (base 14) to base 16.
-5ee3
Convert -1010000101010011 (base 2) to base 8.
-120523
-10101111111110100 (base 2) to base 5
-10340400
Convert -11120220222 (base 3) to base 6.
-1534125
Convert -26ab3 (base 12) to base 3.
-2201021100
Convert 312354 (base 6) to base 5.
1301243
What is -743574 (base 8) in base 16?
-3c77c
-101333301 (base 4) to base 5
-4324323
Convert 100211022100020 (base 3) to base 9.
10738306
Convert 55648 (base 11) to base 7.
454045
Convert 10010001110011011010010 (base 2) to base 9.
8881665
Convert -42333 (base 8) to base 11.
-12275
What is -7286176 (base 9) in base 15?
-51e1ec
Convert 55360 (base 11) to base 4.
103212201
What is -290473 (base 13) in base 7?
-11334430
-121512 (base 9) to base 2
-10001111001100100
Convert 2413110312 (base 5) to base 2.
10101010110100110001110
What is -1253330 (base 8) in base 12?
-14a5b4
-10010100110011000100 (base 2) to base 9
-1128035
Convert -15310625 (base 7) to base 15.
-1de0b8
Convert -122998 (base 10) to base 11.
-84457
Convert -1111111110111010011 (base 2) to base 11.
-32853a
Convert 3311031103 (base 4) to base 10.
1004371
What is 714fe (base 16) in base 10?
464126
131130 (base 6) to base 15
3809
Convert 10101111001000000010 (base 2) to base 12.
2a7142
Convert -46dbc (base 14) to base 7.
-1316625
Convert -441390 (base 11) to base 10.
-704561
Convert 34659b (base 13) to base 6.
42343142
-7a40c (base 16) to base 11
-312246
2112300321 (base 4) to base 5
124230104
Convert c6615b (base 13) to base 11.
268a373
Convert -446114 (base 9) to base 4.
-1001022130
Convert 1204106 (base 7) to base 11.
a479a
What is 154234 (base 11) in base 5?
30133414
-210210131 (base 4) to base 11
-a25a2
Convert -2871609 (base 11) to base 12.
-17a0643
-3aecd4 (base 16) 